se q - 6*q + 85 = 0. Is j(q) a composite number?
False
Let q(y) = -y + 15. Let j be -2*(-2)/8*-8*1. Let a be q(j). Suppose -24*x = -a*x - 1025. Is x a composite number?
True
Suppose -4*v + r = -581, -2*r + 556 = 4*v + 2*r. Let m be 2/(-12) + 1608/v. Suppose 13*t = m*t + 370. Is t prime?
False
Let d = 14820 + 75929. Is d a composite number?
False
Let l = 3527 - 3450. Is l composite?
True
Let h = -128 - -130. Let j be (-4*10/80)/(h/(-8)). Is 2251*5/(7 - j) a prime number?
True
Let s be (-6 - -1)*(-7 - 96/(-15)). Let n be -9 - s - -2 - 0/(-1). Is ((-368)/n + 2)*(-15)/(-6) composite?
False
Let g be (-1)/(-3 - (-161720)/53904). Is 4*(-1)/(-2)*g/(-12) prime?
True
Let v = 41 + -38. Suppose -3*b = -v*o - 39, -2*b - o + 0*o = -38. Suppose -24*h + 16331 = -b*h. Is h composite?
False
Suppose -s - 2*s + 9 = 0. Suppose 0 = -s*g - 9 + 21. Suppose -g*t - 1125 = -3*i, -t - t = i - 365. Is i prime?
False
Let t(f) = 170*f + 47. Suppose -b + 0*h + 4 = 2*h, 4*h = -b + 2. Is t(b) a prime number?
False
Let r be (49 - -1)/(274/(-7261)). Let h = -65 + 178. Let g = h - r. Is g composite?
True
Let r = 12877 + 32044. Is r prime?
False
Let b(o) = -1257*o - 1540. Is b(-19) a composite number?
False
Suppose 0 = 2*j + 11*j + 247. Is (j/(-19))/((-158)/53 - -3) a prime number?
True
Let c(s) = 2*s**3 + 6*s**2 - 7*s - 16. Let o be c(-3). Suppose -5*q - o*f + 61950 = 0, 5*f + 44125 = 3*q + 6947. Is q prime?
True
Let b be (23 - 10) + (2 - 9). Suppose -g - b = 2*g, -g = 5*w - 28613. Is w a composite number?
True
Let m be 1/((1/(-4))/1). Let w be 3*-1 - 132/m. Let o = 53 - w. Is o a composite number?
False
Let d(o) = 7*o - 33. Let p be d(7). Let r be (-6)/16 - ((-966)/p - -2). Suppose -z + 21 + r = 0. Is z prime?
True
Suppose -132*s - 61315 = -137*s. Is s prime?
True
Let n(b) = 88632*b**2 - 22*b - 23. Is n(-1) a prime number?
False
Let o = 106 + -124. Is (-3845)/(-2) - o/(-12) prime?
False
Suppose -2*c - 13 = -3*c. Suppose t - 12 = c. Suppose g - 2*v - 332 = 345, -t = 5*v. Is g prime?
False
Suppose -13 = 4*s - 33. Suppose 0 = -s*m + 2997 + 4948. Is m a prime number?
False
Suppose 26*f = 6*f. Is f + (-57031)/(-7) - (-22)/(-77) a composite number?
False
Suppose 0 = -5*b + 4*y + 40, y - 22 = -4*b + 10. Let q be 2963 + 2*(-20)/b. Let k = 407 + q. Is k a prime number?
False
Let g be ((-68)/12 - -6)/(3/522477). Let c = g - 31682. Is c composite?
False
Let a be 1/(-4) - (55/20 - 0). Is 2*((-62082)/12)/a prime?
True
Let o(z) = 254*z - 2. Let q(k) = 253*k - 3. Let c(d) = 5*o(d) - 6*q(d). Let r be c(-2). Let h = 883 - r. Is h a composite number?
False
Let a(g) = 481*g**2 + 61*g - 511. Is a(10) a prime number?
False
Suppose 63*a - 29*a = 495142. Is a a composite number?
False
Suppose 2*y - 3*y = 0. Let r be 207/(-92)*(y - -124). Let i = 530 + r. Is i a prime number?
True
Let i = -218 - -220. Suppose 0 = -i*l - 0*n + 2*n + 3154, l + 3*n = 1585. Is l composite?
False
Suppose 10*b - 41198 = 37932. Let u = -2266 + b. Is u a prime number?
True
Let q(o) = -180705*o**3 - 8*o**2 - 8*o + 2. Is q(-1) composite?
True
Suppose -3*o - 5*r = 20, 19 = 4*o - 4*r + 3. Suppose o = 5*h + 5 - 30. Suppose -f + u + 333 = -u, 0 = 3*f + h*u - 1021. Is f a composite number?
False
Let m = -9710 + 15057. Let d = m - 3512. Is d a composite number?
True
Suppose -h = 5*w - 25, 3*h - 5*w = -1 - 4. Suppose o + 3*m - h*m = 1629, 4*o + 4*m = 6564. Is o a prime number?
True
Suppose -226 = -37*k - 4. Suppose k*r = 1753 + 8081. Is r a composite number?
True
Let y be (((-96)/(-28))/2)/((-1)/(-14)). Suppose 16*c - y*c = -69736. Is c composite?
True
Let c = 2939 + 10415. Suppose 3*m - m - 3*v - 26743 = 0, m - 5*v - c = 0. Is m a prime number?
False
Let l = -68 + 58. Let n be (-97880)/(-50) + (-4)/l. Suppose 4*s = 2*s + n. Is s composite?
True
Let f = -556 - 144. Is (f + -3 + 2)/((-2)/2) a prime number?
True
Let s(n) = 17*n**3 - 2*n**2 + 4*n - 3. Let x be s(1). Is 2523*1 + x/(-24)*3 a composite number?
False
Let m be (5 - 10)/(((-20)/51628)/5). Is ((-78)/(-30) - 3) + m/25 prime?
False
Suppose 0 = -45*k + 50*k. Suppose -4*n = k, -3*n - n + 24 = 3*o. Suppose -4*x = -o*x + 1668. Is x prime?
False
Let k be (-6 - -9) + (2 - 0). Suppose -k*g + 2145 = 10970. Let o = 2762 + g. Is o composite?
False
Let l(c) = -577*c - 3852. Is l(-67) composite?
False
Let d(u) = -4929*u**2 + 3*u - 2. Let n be d(2). Let h = 32833 + n. Is h prime?
True
Suppose b - 137337 = -2*b + 3*p, 4*b - 183143 = -5*p. Suppose 4*g + o - 17601 - b = 0, -3*g - 2*o + 47541 = 0. Is g prime?
False
Suppose 187*i = 85*i + 43458834. Is i a prime number?
False
Is (-40)/(-35) + 1821195/63 a composite number?
False
Suppose 5*d - 149*d + 81423805 = 3063181. Is d a prime number?
True
Let k(n) = -132*n**3 - 9*n**2 - 53*n - 209. Is k(-5) composite?
True
Let c(x) = x**3 + 18*x**2 + 179*x - 215. Is c(46) prime?
True
Let b = 279007 + 536446. Is b a prime number?
True
Let k(y) = 18*y. Let h be k(3). Let o(z) = 8 - 1 + 3*z - 3 - 10*z + h*z**2. Is o(3) a prime number?
False
Let j = -27624 + 16982. Let i(q) = 243*q + 5709. Let b be i(46). Let c = b + j. Is c a prime number?
False
Is ((1 - 3) + 4)/(1 - 853285/853295) composite?
True
Suppose 0 = -5*k + 127 - 102. Suppose 0 = k*w - 4*w + 20. Is ((w/(-6))/1)/(2/201) a prime number?
False
Let q = -1421901 + 3898480. Is q prime?
False
Let j(p) = p**3 - 12*p**2 - 2*p + 8. Let n be j(11). Let t = n - -300. Suppose 5*l + v - 1078 = 0, -4*v - 253 = -2*l + t. Is l composite?
True
Is -54854*(2/(-16) - (-15)/(-40)) a composite number?
False
Suppose 4*m - 30064 = -4*v, -m - 2*v = -1365 - 6147. Suppose -r = -3*r + m. Suppose x = -5*i + r, x + 1042 = -3*i + 3300. Is i composite?
False
Let o = -1453 - 5339. Suppose -19*h - 68946 - 16079 = 0. Let v = h - o. Is v a composite number?
True
Suppose -h - 4500 = -4*h. Suppose 0*k = 3*k + 3. Is h - (-3)/(k + 0) prime?
False
Let u(m) = 2*m**2 - 13*m + 17. Let y be u(5). Let l be (-360)/y*-2 - 9/9. Let h = l - -808. Is h a prime number?
False
Suppose 11*y - 12*y = -3. Suppose -7*c - v = -y*c - 1684, 4*v = -16. Is c prime?
False
Suppose -5*k - 62014 = 4*m - 441571, -3*k - 2*m = -227737. Is k composite?
True
Is (-100)/(-80)*-20 + 122802 composite?
False
Let r = 57 - 59. Let k be r*-6*1/(-4) - -8. Is k + -9 - (-2466 - -3) prime?
True
Suppose 1517*q = 1534*q - 14780269 - 13949646. Is q composite?
True
Is (19 + -3)*3/12 + 565375 a prime number?
True
Suppose -5*j + 0*j = -j. Suppose a - 4359 - 1264 = j. Is a a composite number?
False
Let m(x) = 207*x**2 + 18*x - 1. Let f(o) = -o**2 + 2. Let t(q) = -4*f(q) + m(q). Is t(-4) prime?
False
Is ((56/(-224))/((-6)/587984))/((-4)/(-6)) a prime number?
True
Let n = -183 - -182. Is (n/3)/((-1)/2253) composite?
False
Let f be 2 + 4 + (-8 - -5). Let t(m) be the second derivative of 3*m**5/20 - m**4/3 + m**3/6 + 3*m**2/2 - 26*m. Is t(f) prime?
False
Suppose 0 = 4*c + 5*x - 188721, -2*c - x - 3*x = -94350. Is c composite?
False
Let k(v) = -18 - 3 + 3 - 5*v + 10. Let x be k(-2). Is (-1 - (-2)/4)*(x - 168) a prime number?
True
Let p(z) be the third derivative of z**5/15 - 11*z**4/24 + 49*z**3/3 + 131*z**2. Is p(-15) a composite number?
False
Let v = 63 - 55. Suppose -1 = v*l + 23. Is (1893/(-3))/(l*(-3)/(-9)) prime?
True
Let y(w) = -w**3 + 19*w**2 + 21*w - 13. Suppose o + o - 3*q = 40, -3*o + 60 = 2*q. Let j be y(o). Let n(z) = 7*z**3 - 2*z**2 + 6*z - 12. Is n(j) composite?
False
Let z = -6923 + 25350. Is z prime?
True
Suppose 4*o - 349 = 5*l, 5*o = 2*l + 606 - 157. Suppose 476 = f + 5*b, 5*f = -5*b + 1386 + 1074. Let d = o + f. Is d a prime number?
True
Suppose -2*y - 2*w = -38, 0 = 23*y - 20*y + 5*w - 53. Is 26/(-91) - (-83775)/y a composite number?
False
Suppose 3*b - 1975732 = -5*d, -32*b + 5927207 = -23*b + 4*d. Is b a composite number?
False
Suppose -4 = -3*b - z + 3, -2*z + 8 = 0. Suppose b + 4 = y. Is 28058/18 + (-4)/(-90)*y prime?
True
Let t(x) = -2*x - 8. Let f be t(-12). Suppose 2*p + 2*z - z - f = 0, -3*z = 6. Is (-991)/(p/9*1*-1) composite?
False
Let n(h) be the first derivative of 41*h**3/3 + h**2 - 6*h + 1. Let y(z) = z**2 - 20*z - 5. Let q be y(20). Is n(q) composite?
False
Is 230167 + -10 - (12 - 9)*12/(-9) a composite number?
True
Let u(n) = n**3 - 3*n**2 + 6*n - 5. Let v be u(-6). Suppose 8 = 2*b, 5*m + 2*b + 1095 = -2917. Let l = v - m. Is l prime?
True
Suppose -7*c - 2*